). What is the greatest common divisor of k and 1050?
42
Let m be 56 + -1 + (-1)/1. Suppose 5*o - 3*o = 2*q + 44, 0 = -2*o - 3*q + 64. Suppose 0 = o*z - 0 - 156. Calculate the highest common divisor of m and z.
6
Let m = -258 + 145. Let p = -95 - m. What is the greatest common factor of p and 162?
18
Let q be (-87945)/(-845) - (-2)/(-26). Calculate the highest common factor of 936 and q.
104
Suppose -48 = -x + 4*v, x + 12 - 42 = -5*v. What is the highest common factor of 6 and x?
2
Suppose 0 = 5*b + 10 - 40. Suppose -3*c + 26 = -262. What is the highest common divisor of c and b?
6
Let m be ((-30)/4)/(((-312)/16)/39). Let k = -134 - -239. Calculate the greatest common divisor of m and k.
15
Let g = -1693 + 2755. What is the highest common divisor of 590 and g?
118
Suppose 3*s + 3*a - 2865 = 16728, -4*a - 26092 = -4*s. Calculate the greatest common divisor of 535 and s.
107
Suppose p - 4*s - 15 - 13 = 0, -2*p + 63 = -s. What is the greatest common factor of 62 and p?
2
Let z = -11499 + 11504. What is the highest common factor of 97 and z?
1
Let m = 144 - 40. Let r(f) = f**3 - 20*f**2 + 2*f - 32. Suppose 0 = 2*i - 6*i - 12, -4*i = d - 8. Let v be r(d). Calculate the highest common factor of v and m.
8
Suppose -3*y + 0*j + 404 = 4*j, -5*y - 3*j + 721 = 0. Let h = -154 + 268. Calculate the greatest common factor of h and y.
38
Suppose 12*i - 70 = 7*i. Suppose 0 = -j + 3*m + 13, -3*j + 4*m + 24 + 5 = 0. Suppose -j*v = -4*v - 420. What is the greatest common factor of v and i?
14
Let k = 3337 + -3279. Suppose -4*x + 60 = -2*b, -2*b - x - 56 = -6*x. Let m = k + b. Calculate the highest common factor of m and 260.
20
Let v be (-2)/(-4)*0 + -4. Let g(a) = -83*a - 17. Let b be g(v). Suppose 12*t = 5*t + b. What is the highest common factor of t and 5?
5
Suppose 25*x - 83*x = 41019 - 1185301. What is the highest common divisor of 109 and x?
109
Let m be 1734/(-4)*(-44)/33. Suppose m = 19*c - 163. Let k be (-2 - -1) + 17 + -3. What is the highest common divisor of c and k?
13
Let v be ((-8)/(-14) + 246/(-14))/(66/(-63030)). Calculate the highest common divisor of v and 17.
17
Suppose -9484 = 11*n + 26*n - 135136. Calculate the highest common factor of 156 and n.
12
Let o(y) = -22*y - 150. Let d be o(-7). Suppose d*b + 10 = 2*b, 501 = w + b. Calculate the greatest common divisor of 22 and w.
22
Suppose -5*k + 3*i = -289, 62 = -2*k - 5*i + 159. Suppose -273 = 11*c - 4*c. Let x = c + 55. What is the highest common divisor of x and k?
8
Let x be 55 - (-7)/(-2)*4/14. Let q = x + -30. Let g(i) = 11*i**3 + i**2 + 2*i. Let y be g(2). Calculate the greatest common factor of q and y.
24
Let g = 213 - 249. Let a be g/(-234) - (-1166)/26. Calculate the greatest common divisor of a and 54.
9
Let l be (-9 - -8)*(-4 + 1). Suppose -l*g - 17 = -26. Suppose -3*t + 21 + g = 0. Calculate the greatest common divisor of 8 and t.
8
Suppose -6 = -2*c + 40. Let i = 13 + c. Let r(p) = -p**2 + 92*p - 1731. Let f be r(59). What is the greatest common factor of i and f?
36
Suppose -6*j + 3*i = -7*j + 140, -4*j + 552 = 4*i. What is the greatest common factor of j and 15207?
137
Let c = -36 + 40. Suppose -c*x = -0 - 48. Suppose -k + x = 2*k. Calculate the greatest common divisor of 20 and k.
4
Suppose 17*w = -4*w - 84. Let i be (w + 10)/(-6)*-23. Calculate the highest common divisor of 253 and i.
23
Suppose c - 47 = 5*g, 5*c - 29 = -5*g + 26. Calculate the greatest common factor of c and 340.
17
Suppose -48*h = -43*h + r - 72, -r = -4*h + 54. Suppose -3*i + 6 = -120. What is the greatest common factor of i and h?
14
Suppose -43*a + 420 = -47*a. Let j = -59 - a. Let d = j - 2. What is the greatest common factor of d and 4?
4
Let r(l) = -l**3 + 26*l**2 + 30*l - 42. Let y be r(27). Let c be ((-65)/((-5)/1))/((-5)/(-10)). Calculate the greatest common divisor of c and y.
13
Suppose u = 2 + 2, 0 = p + 4*u - 13. Let m = p + 10. Suppose 59 = 59*g - 1593. What is the greatest common factor of g and m?
7
Suppose 35*c - 122 = 221 + 112. What is the greatest common factor of c and 46501?
13
Let y = 10 + 11. Suppose 0 = -350*b + 292 + 758. Calculate the greatest common divisor of y and b.
3
Let i(l) = 2*l - 17. Let b be i(0). Let x be (b + 15)/((-2)/324). Suppose -x = -8*z - z. Calculate the highest common factor of z and 9.
9
Suppose 14*w - 8118 = -8*w. Suppose 2*a = 403 - w. Suppose 3*p + 5*b = 127, -3*b - 148 = -4*p - 27. What is the highest common factor of p and a?
17
Let x = 2 + 0. Let v be 0*((-2)/(-18))/(6/(-18)). Suppose -s + 15 = x*p + 3, -p + 3*s - 8 = v. Calculate the greatest common factor of 44 and p.
4
Let y = 33977 - 33937. Suppose -2*t = -7*t + 320. What is the highest common factor of t and y?
8
Suppose g - 881 = 3*d, -3*g + 1006 = -4*d - 172. Let r = d + 338. Calculate the greatest common factor of r and 180.
45
Let o be -5 - -45 - (-9)/(45/20). Calculate the highest common divisor of o and 2816.
44
Let x be (2/(-4))/((-6)/(-48)). Let u be (-378)/x + 72/48. Calculate the greatest common factor of 64 and u.
32
Let c = 6940 - 5072. Calculate the highest common divisor of 12 and c.
4
Let d(i) = -13*i + 3. Let j be d(-4). Let y(v) = v**3 + v**2 - 5*v. Let s be y(-3). Let l be (2 - s) + (4 - 4). Calculate the highest common divisor of j and l.
5
Suppose -7*h + 1482 = 6*h. Let k = h + -98. Suppose k*d - 22*d + 816 = 0. What is the highest common factor of 34 and d?
34
Suppose v - 8869 = -2*f, 7*v = 60*f - 56*f + 62083. Calculate the highest common factor of v and 181.
181
Suppose 5*y - 25 = 0, -j + 2*y + 4 = 10. Suppose 32 = g - k, j*g - 2 - 90 = -5*k. Calculate the greatest common factor of 63 and g.
7
Suppose -4*o = -5*y - 21, 2*y + 22 = 2*o + 3*o. Let i be 2/(-6)*(-1 - y). Let d = 13 - i. What is the greatest common divisor of d and 13?
13
Let x(a) = -a + 1. Let u be x(-4). Suppose -3*o - 5*t + 106 = 0, 90 - 100 = -5*t. Calculate the greatest common factor of u and o.
1
Let w = 0 - -6. Suppose 3*j = 4*l + w*j - 1960, 0 = -4*j + 16. Let c = l + -343. What is the greatest common factor of c and 18?
18
Let b = 12 - 10. Let m be 9 + (-3 - -3) + b. Let j = 341 + -308. Calculate the greatest common divisor of m and j.
11
Suppose 0 = -35*h + 2335 + 360. What is the greatest common factor of h and 2596?
11
Let x(r) = r + 17. Let q be (2/3)/((-2)/42). Let z be x(q). Let p(f) = 2*f**2 - 24*f - 2. Let s be p(13). What is the highest common factor of z and s?
3
Suppose -13*r = -57*r + 50424. What is the highest common divisor of 18 and r?
6
Let h = -644 + -637. Let x = -839 - h. Calculate the highest common divisor of x and 102.
34
Suppose 2*c = -2*y - 6 - 16, -3*c = 4*y + 38. Let h be -1*(21/c - -3)*30. Let s be (5/h)/((-2)/(-6)) - -3. What is the greatest common divisor of s and 32?
4
Let p = 570 - -3595. Calculate the greatest common factor of p and 105.
35
Let q = 13133 - 10693. What is the greatest common factor of q and 16?
8
Let f = 18 + -18. Suppose -3*p + f = -48. Suppose -i + 42 = -w - 7, i - 44 = -4*w. Calculate the greatest common factor of p and i.
16
Let x(i) = -5*i - 136. Let b(n) = -2*n - 138. Let h(y) = -4*b(y) + 3*x(y). Let t be h(17). Calculate the greatest common divisor of 575 and t.
25
Let t(f) = -f**2 + 2*f + 1. Let m(a) = -4*a**2 + 23*a + 72. Let o(x) = m(x) - 5*t(x). Let u be o(-10). Calculate the highest common factor of u and 259.
37
Let h(x) = -x**3 + 16*x**2 + 19*x - 22. Let v be h(17). Suppose 5*t - 678 = v*i - 11*i, -4*i - 12 = 0. Calculate the highest common divisor of t and 15.
15
Let r be 5/((-240)/(-10864)) - 4/3. Calculate the highest common factor of r and 175.
25
Let w be -39*(-14 - -9)*33/5. Calculate the highest common divisor of w and 22.
11
Let q = 6201 + -5214. What is the greatest common factor of q and 21?
21
Let f(y) = y - 1. Let h(j) = -7*j - 9. Let l(g) = -6*f(g) - h(g). Let x be l(-10). Suppose 274 + 331 = x*d. Calculate the highest common divisor of 11 and d.
11
Suppose 179 = 5*c + 3*s, 64 = 2*c - s + 6*s. Suppose -c = 5*m - h, -13 = 3*m - h + 8. Let p = 32 - m. Calculate the greatest common divisor of 100 and p.
20
Let q = 288 + -134. Let f = q + -144. Calculate the greatest common divisor of f and 130.
10
Suppose -5*d - 1712 + 167 = -2*p, -d = -3*p + 2337. Suppose -4*y + 372 = 4*w, 5*y - p = 5*w - 265. Calculate the highest common factor